{"version":"1.0","provider_name":"2i.cz","provider_url":"https:\/\/2i.cz\/","title":"Anna Kobl\u00ed\u017ekov\u00e1 roz. Mr\u00e1zkov\u00e1 N 1912","web_page":"https:\/\/2i.cz\/i\/8a6zJ","width":2713,"height":3000,"url":"https:\/\/2i.cz\/images\/2021\/03\/05\/Anna-Koblizkova-roz.-Mrazkova-N-1912.md.jpg","type":"photo","author_name":"koblizek76","author_url":"\/koblizek76","thumbnail_url":"https:\/\/2i.cz\/images\/2021\/03\/05\/Anna-Koblizkova-roz.-Mrazkova-N-1912.md.jpg","thumbnail_width":1024,"thumbnail_height":1132}

Anna Koblížková roz. Mrázková N 1912
